 + k*m + 5*q - 18 = 0. Is 2 a factor of m?
False
Let r(o) = 2*o**3 - 39*o**2 + 26*o - 25. Is r(19) a multiple of 27?
True
Let v(m) = -m**2 - 6*m + 8. Let r be v(-7). Does 4 divide (r - -1)*(-399)/(-21)?
False
Suppose -41*w + 152434 = 54280. Is w a multiple of 14?
True
Suppose -3*s - 2*f + 311 + 5 = 0, 3*f = 5*s - 552. Is 12 a factor of s?
True
Let c = -496 - -862. Is 8 a factor of c?
False
Let x(b) be the second derivative of b**7/1260 + b**6/240 + b**5/120 + b**4/12 + 2*b. Let j(o) be the third derivative of x(o). Does 3 divide j(-2)?
True
Let h = 3301 - 2245. Is 28 a factor of h?
False
Suppose 0 = 10*y - 293 + 103. Suppose 3*t - y - 95 = 0. Is t a multiple of 10?
False
Suppose 0 = d - 5*d + 624. Suppose 3*q = -4*o + 8*o + 9, -3*q = -5*o - 9. Suppose 3*s + s - d = o. Is 16 a factor of s?
False
Let t(x) = 17*x**2 - 14*x + 74. Is t(10) a multiple of 38?
True
Let t = -93 + 541. Is 56 a factor of t?
True
Suppose -2*f + 4 = -4, -j - 93 = -2*f. Let n = j - -197. Is n a multiple of 14?
True
Let u be (1/2)/(7/(-168)). Let r be u/4 + (-105)/1. Does 5 divide (-4)/(-18) + (-1596)/r?
True
Suppose -l - 2*h = -932, 9*l - 5*h = 4*l + 4645. Does 30 divide l?
True
Let y(q) = 7*q**2 + 24*q - 89. Does 10 divide y(-14)?
False
Let h(k) = 2*k - 2. Let s be h(2). Suppose -4*m + 133 = 3*p, 2*m - 84 = -0*m + s*p. Is m a multiple of 11?
False
Let o = 8 - -49. Suppose -3 = -f + o. Is f a multiple of 10?
True
Let r = -713 + 1007. Is 7 a factor of r?
True
Is 9/(-15) + (-5 - (-22806)/35) a multiple of 16?
False
Suppose -11503 = -72*z + 3761. Does 7 divide z?
False
Let a = 18 - 14. Let i be (-102)/(-12)*a/2. Suppose -24 = -r - 2*r - 2*z, -2*r = z - i. Is 2 a factor of r?
True
Let v = 1596 + -1537. Is v a multiple of 19?
False
Let n(r) = -10*r**3 + 4*r**2 + 7*r + 6. Let w(y) = 9*y**3 - 4*y**2 - 6*y - 5. Let u(d) = 5*n(d) + 6*w(d). Let c = 6 + -3. Does 23 divide u(c)?
True
Is 37 a factor of (4/(-3))/((-3)/(-1125)*-2)?
False
Suppose -202 = -2*z - 0*z + 3*c, -4*z + 4*c = -412. Let n = -184 + z. Let y = -21 - n. Is 8 a factor of y?
True
Let k be (4 - (3 - 3))/1. Suppose 10 = -k*q - 2. Let o = q - -17. Is 14 a factor of o?
True
Let g(z) = -12*z - 11. Let q be g(-3). Suppose -3*l + 85 = q. Does 14 divide l?
False
Let y(m) = -m**3 + 11*m**2 + 12*m + 2. Let v be y(12). Let q be v/(-8) + 427/28. Suppose q = -3*k, 5*k - 4*k = u - 64. Is 37 a factor of u?
False
Suppose 136 = 2*m + a, -2*m + 4*m = -2*a + 132. Let l(x) = -x**3 + 2*x**2 + 3*x. Let j be l(-2). Is 8 a factor of 14/m + 218/j?
False
Let h(j) = -j**2 - 12*j + 1. Let k = -2 - 1. Let c(i) = 2*i - 4. Let a be c(k). Is 15 a factor of h(a)?
False
Suppose -2*y - 157 = -5*q + 43, -424 = 4*y + 2*q. Let h be 36/14 + (-45)/y. Suppose h*r + 21 = 2*b, 0 = 4*b - 3*r + 2*r - 67. Does 6 divide b?
True
Is 7 a factor of (-316)/((-407)/33 + 11)?
False
Does 6 divide ((-3)/(-2))/((-57)/(-40394))?
False
Let r(j) = 12 - 7*j - 10*j + 13*j. Does 4 divide r(-4)?
True
Let d(l) = -13*l - 3 - 4 - 7*l**2 + 1 - 2*l**2 - l**3. Is d(-8) a multiple of 12?
False
Suppose 2*i - 5*g - 24 = -0*i, 4*i - 4*g - 60 = 0. Suppose -i*v = -12*v - 1260. Does 28 divide v?
True
Suppose -254 + 82 = -u. Is 15 a factor of u?
False
Suppose 0 = 2*y - 555 - 411. Does 23 divide y?
True
Suppose 6 = m + 4*a, a = -2*m - m + 7. Suppose -m*s + 24 = 4. Is 5 a factor of s?
True
Let h(t) = -t**3 + 31*t**2 - 68*t + 56. Does 56 divide h(28)?
True
Suppose -4*l - 5*b + b = -8, 16 = 4*l - 4*b. Is 5 a factor of (4 - -62)*1/l?
False
Let j = -4 - 17. Suppose -86 = 2*s - w - 4*w, 0 = 5*s + w + 215. Let x = j - s. Does 11 divide x?
True
Let s = 11 - 7. Suppose -5*t - s*w = 0, -2*t + 6*t - 26 = 2*w. Suppose 0 = -t*c + 2*c + 50. Is c a multiple of 17?
False
Suppose -3*y + 212 - 14 = 0. Suppose -5*w - y = -236. Is 17 a factor of w?
True
Is 635 + 6 - 2/(-4)*-2 a multiple of 32?
True
Let x(p) = 10*p**2 + 3*p - 2. Let t be x(-1). Suppose 3*o + 35 = u, 4*o + 22 - 114 = -3*u. Suppose 140 = 5*j - t*c, -5*j = c - 102 - u. Is j a multiple of 9?
True
Let l = 306 - 1. Is l a multiple of 90?
False
Is 19 a factor of 4976/32 + (-1)/2?
False
Suppose -3 = d - 8. Let b(t) = 6*t**2 + 15*t - 27. Let s be b(2). Suppose 73 = d*h - s. Is 6 a factor of h?
False
Suppose -5*r = -6*r + 49. Let z = -34 + r. Let o(n) = -n + 30. Does 5 divide o(z)?
True
Let c be (1/(-3))/((-2)/(-138)). Let b = c - -63. Is b + (-1 - -2)*-2 a multiple of 15?
False
Let v(c) = 7*c - 22 + 17 + 7*c. Let k(p) = -p. Let l(q) = 2*k(q) + v(q). Is 9 a factor of l(5)?
False
Suppose 2*t + 5 = 15, 2*i = -t + 43. Let y = i - -3. Does 3 divide y?
False
Let h = 988 - 476. Does 4 divide h?
True
Suppose 2*a - 20 = -2*a. Suppose 19 = 2*s + a*o - 5, -2*o = -4*s. Let b(u) = 4*u**2 - 2. Is 8 a factor of b(s)?
False
Let w be 1/(-3)*-9 - -4. Suppose 0 = w*h - 35 - 56. Does 4 divide h?
False
Let g = -8 - -38. Does 10 divide (132/9)/(0 - (-4)/g)?
True
Let t(m) = 44*m**2 + 5*m - 16. Is t(3) a multiple of 17?
False
Let p(d) = -d**3 - 6*d**2 + 3*d + 6. Let z be p(-6). Let k = -12 - z. Suppose k = -3*j + 4*o - 5 + 1, j - 20 = -4*o. Is j a multiple of 4?
True
Let a(t) = -2*t - 21. Let g be a(-12). Suppose 4*l = -2*c + g - 1, -5*c = -3*l - 18. Is 26 a factor of (234/9)/(2 + l)?
True
Let s(h) = h**2. Let t(y) = y**3 + 3*y**2 - 5*y - 3. Let i be t(-4). Let q(g) = g**3 + 4*g**2 + g + 58. Let r(p) = i*q(p) - 3*s(p). Is 16 a factor of r(0)?
False
Let t(m) = m + 20. Let n be t(-17). Suppose n*u + 2*u + 1 = -3*w, 2 = 2*w + 2*u. Suppose 5*i = w*v - v - 63, -2*i + 42 = 2*v. Is v a multiple of 6?
True
Let v = 6996 - 2352. Does 12 divide v?
True
Let r = -201 - -203. Let c = -58 + 138. Suppose 3*w = 2*i + 166 - 44, -r*i - c = -2*w. Is 10 a factor of w?
False
Let m be (252/27)/(1/9). Let z = -17 + 41. Suppose 5*f - z = -k, -2*k - f + m = -3*f. Is k a multiple of 13?
True
Suppose -c - 5*z = -114, 303 + 94 = 3*c + 4*z. Suppose -4 = 4*q, -4*y + 3*q = 4*q - c. Suppose -y = -o - 14. Is o a multiple of 16?
False
Let s = -170 + 308. Is 13 a factor of s?
False
Let h = 104 - 103. Does 31 divide h*(-186)/(-18)*9?
True
Let x = 28 - 13. Does 3 divide -2 + (-49)/(-5) + 3/x?
False
Let p be 27/(-36) - (-62)/8. Suppose 12*h = 5*h + p. Does 19 divide -2 - h - (-44 + 3)?
True
Let s(g) = 5*g - 2*g**2 - 5 + 6*g**2 - g - 2*g**2. Let c be s(-6). Suppose k + 2*a - 45 = 0, -k - 2*a = -a - c. Is 13 a factor of k?
False
Let s be 20/((-3)/42*-1). Suppose -s = 4*o - 9*o. Suppose 0*t - o = -t. Is 11 a factor of t?
False
Does 53 divide (25 + -10)/((-3)/(-122))?
False
Suppose 4*r = 182 + 10. Is r a multiple of 8?
True
Let h = -52 + 77. Suppose 3*f = -3*l + 8*f + 30, -5*f - h = -2*l. Let i(u) = 4*u**2 - 4*u - 5. Does 25 divide i(l)?
True
Suppose 3*p + 5*h = 2021, -2*h - 3746 - 1582 = -8*p. Is p a multiple of 2?
False
Let j(d) = -98*d - 859. Is 47 a factor of j(-27)?
False
Suppose -2*c - c + 1587 = 4*x, -c + 540 = 5*x. Is 16 a factor of c?
False
Suppose -101 = -3*t - r - 3*r, -2*t + 3*r = -39. Suppose -x - 2*o = o, -2*x - 10 = -4*o. Let d = x + t. Is 8 a factor of d?
True
Is ((-7)/(-2))/((-9507)/(-2376) + -4) a multiple of 11?
True
Suppose -15*t = -8*t - 2842. Does 11 divide t?
False
Let j(i) = 3*i**2 - i**3 - i**2 + 6*i**2 + 3*i - 5 - 2*i. Let b be j(5). Suppose -4*q + b = -q. Is 5 a factor of q?
True
Let l = -46 + 46. Suppose -n + 43 - 13 = l. Is n a multiple of 15?
True
Let k be (-10)/4*(-20)/25. Suppose 4*x - k*a = 532, -7*a = 5*x - 2*a - 695. Does 6 divide x?
False
Suppose -3*a + 70 = -2*m, -6*m + 8 = -4*m. Is a a multiple of 13?
True
Let r(t) = t**3 + 5*t**2 + 2*t + 12. Let y be r(-5). Suppose -20 = 3*f + l + 2, 7 = y*f + 5*l. Let z(a) = -a**2 - 11*a - 9. Is 9 a factor of z(f)?
True
Suppose -1920 = -4*h - 12*h. Is 12 a factor of h?
True
Let n = -2449 + 1657. Does 7 divide (n/(-14) - 1) + (-3)/(-7)?
True
Suppose -5*j + 40 = -3*k, 0 = -4*k - 5*j - 20 - 10. Let a(h) = -4*h + 2. Is a(k) a multiple of 14?
True
Suppose -5*j = -3*t - 551 - 62, -3*t + 387 = 3*j. Is 25 a factor of j?
True
Let g(d) be the first derivative of d**3/3 - 7*d**2 + 3*d - 13. Let b be g(14). Suppose -b*w = -80 - 259. Is 13 a factor of w?
False
Suppose 0 = 2*i - 16 + 6. Suppose 8 + 42 = i*a. Is 2 a factor of a?
True
Let y(b) = b + 4*b - 5 - 4*b - 4*b. Suppose g - 36 = 5*g. Is 5 a factor of y(g)?
False
Let t be ((-60)/9)/(-2 - (-19)/9). Let z = t 